en millions digit of 1956991872?
5
What is the units digit of 458089661?
1
What is the ten thousands digit of 89747200?
4
What is the tens digit of 32739884?
8
What is the units digit of 5922002716?
6
What is the ten millions digit of 445729536?
4
What is the millions digit of 1219152003?
9
What is the thousands digit of 144978393?
8
What is the tens digit of 125030905?
0
What is the ten thousands digit of 445610843?
1
What is the tens digit of 49313136?
3
What is the ten thousands digit of 13010451?
1
What is the hundreds digit of 4364397346?
3
What is the hundreds digit of 105356332?
3
What is the tens digit of 52950468?
6
What is the ten thousands digit of 390204182?
0
What is the billions digit of 1439930275?
1
What is the hundred millions digit of 248874791?
2
What is the thousands digit of 19758224?
8
What is the millions digit of 882036629?
2
What is the ten thousands digit of 20902422?
0
What is the ten millions digit of 1708648569?
0
What is the thousands digit of 111035211?
5
What is the units digit of 861449721?
1
What is the hundred millions digit of 2245325420?
2
What is the thousands digit of 218828863?
8
What is the millions digit of 140996466?
0
What is the tens digit of 5152843426?
2
What is the tens digit of 805890280?
8
What is the ten millions digit of 101506726?
0
What is the hundred thousands digit of 8105119?
1
What is the tens digit of 5221740475?
7
What is the hundred millions digit of 1429359773?
4
What is the tens digit of 83159404?
0
What is the ten thousands digit of 21108170?
0
What is the ten millions digit of 27084996?
2
What is the tens digit of 84828349?
4
What is the thousands digit of 1076197870?
7
What is the hundred thousands digit of 666080120?
0
What is the ten thousands digit of 102948233?
4
What is the hundred thousands digit of 327348006?
3
What is the hundred millions digit of 151099994?
1
What is the thousands digit of 1049604328?
4
What is the ten thousands digit of 123096280?
9
What is the units digit of 2723511326?
6
What is the hundred millions digit of 100831593?
1
What is the hundred thousands digit of 50141030?
1
What is the ten millions digit of 134139348?
3
What is the ten millions digit of 316390782?
1
What is the ten millions digit of 2505011302?
0
What is the units digit of 80804845?
5
What is the hundred millions digit of 1409280549?
4
What is the millions digit of 767535303?
7
What is the ten millions digit of 47879253?
4
What is the hundred millions digit of 1049761488?
0
What is the hundreds digit of 4099465510?
5
What is the hundreds digit of 239787615?
6
What is the millions digit of 6496762?
6
What is the hundreds digit of 15107039?
0
What is the units digit of 1543962866?
6
What is the units digit of 6350224?
4
What is the ten millions digit of 258334186?
5
What is the hundreds digit of 2040828026?
0
What is the units digit of 170279329?
9
What is the ten millions digit of 55851051?
5
What is the hundred thousands digit of 590916447?
9
What is the tens digit of 3437176802?
0
What is the thousands digit of 930920547?
0
What is the hundred thousands digit of 41679394?
6
What is the thousands digit of 8315732?
5
What is the thousands digit of 7511050?
1
What is the ten thousands digit of 61247907?
4
What is the hundred millions digit of 192119179?
1
What is the thousands digit of 165207735?
7
What is the thousands digit of 604119824?
9
What is the hundred millions digit of 5362613418?
3
What is the ten millions digit of 32191090?
3
What is the units digit of 1108185316?
6
What is the tens digit of 2367836682?
8
What is the thousands digit of 183686433?
6
What is the ten millions digit of 363909903?
6
What is the hundred thousands digit of 935055070?
0
What is the tens digit of 49173383?
8
What is the ten thousands digit of 417809973?
0
What is the ten thousands digit of 1492649094?
4
What is the ten millions digit of 71445496?
7
What is the hundred millions digit of 1831280171?
8
What is the millions digit of 345093226?
5
What is the ten millions digit of 538291149?
3
What is the billions digit of 1029824791?
1
What is the hundreds digit of 295334416?
4
What is the ten thousands digit of 934961814?
6
What is the units digit of 30092728?
8
What is the millions digit of 283633021?
3
What is the units digit of 12085983?
3
What is the millions digit of 35827476?
5
What is the ten thousands digit of 287491694?
9
What is the millions digit of 144404227?
4
What is the millions digit of 91668182?
1
What is the ten thousands digit of 12963365?
6
What is the tens digit of 3814715263?
6
What is the hundreds digit of 60924969?
9
What is the ten millions digit of 89663681?
8
What is the thousands digit of 1795650534?
0
What is the millions digit of 124888135?
4
What is the ten thousands digit of 142372764?
7
What is the ten thousands digit of 1092203512?
0
What is the tens digit of 33770452?
5
What is the hundred thousands digit of 8563592290?
5
What is the hundred millions digit of 105327032?
1
What is the tens digit of 965068022?
2
What is the hundred millions digit of 5651493889?
6
What is the thousands digit of 209046439?
6
What is the hundred thousands digit of 133000924?
0
What is the thousands digit of 37915400?
5
What is the hundreds digit of 406070747?
7
What is the hundred thousands digit of 71169787?
1
What is the ten millions digit of 13078286?
1
What is the units digit of 68835390?
0
What is the ten thousands digit of 81004387?
0
What is the units digit of 36432055?
5
What is the tens digit of 91439192?
9
What is the hundred millions digit of 183745733?
1
What is the hundreds digit of 97951189?
1
What is the tens digit of 40591541?
4
What is the billions digit of 1703171869?
1
What is the hundred thousands digit of 873792586?
7
What is the millions digit of 784159887?
4
What is the units digit of 61955999?
9
What is the ten millions digit of 85323604?
8
What is the hundred thousands digit of 40324984?
3
What is the tens digit of 52042853?
5
What is the hundred thousands digit of 70089422?
0
What is the hundreds digit of 1247187060?
0
What is the thousands digit of 6975416?
5
What is the thousands digit of 247901?
7
What is the millions digit of 1844177903?
4
What is the billions digit of 1877480895?
1
What is the hundred thousands digit of 3271279171?
2
What is the hundreds digit of 337658446?
4
What is the tens digit of 2221407124?
2
What is the units digit of 1060292933?
3
What is the hundreds digit of 87600636?
6
What is the ten thousands digit of 376026242?
2
What is the units digit of 56537666?
6
What is the ten thousands digit of 17733389?
3
What is the tens digit of 206436665?
6
What is the thousands digit of 272706478?
6
What is the ten thousands digit of 84191793?
9
What is the hundreds digit of 2733151626?
6
What is the hundred thousands digit of 40670931?
6
What is the units digit of 220333176?
6
What is the millions digit of 11906624?
1
What is the thousands digit of 17853810?
3
What is the billions digit of 1798011895?
1
What is the units digit of 71991903?
3
What is the hundred millions digit of 719877040?
7
What is the tens digit of 207565387?
8
What is the units digit of 975928722?
2
What is the ten thousands digit of 220175237?
7
What is the units digit of 100151900?
0
What is the millions digit of 29265231?
9
What is the units digit of 1232401162?
2
What is the hundred millions digit of 680834817?
6
What is the millions digit of 130978846?
0
What is the thousands digit of 360722288?
2
What is the millions digit of 3798027403?
8
What is the units digit of 2446524005?
5
What is the ten thousands digit of 69805256?
0
What is the millions digit of 1899625815?
9
What is the hundred millions digit of 142112642?
1
What is the hundred millions digit of 2010403295?
0
What is the ten thousands digit of 48516526?
1
What is the hundred millions digit of 118715561?
1
What is the ten thousands digit of 43200980?
0
What is the millions digit of 365224539?
5
What is the millions digit of 47056906?
7
What is the hundred millions digit of 2807960509?
8
What is the thousands digit of 1628480806?
0
What is the hundred thousands digit of 153271686?
2
What is the hundred thousands digit of 87562482?
5
What is the tens digit of 25129245?
4
What is the units digit of 67456995?
5
What